{"id":62,"date":"2015-04-15T22:02:18","date_gmt":"2015-04-15T21:02:18","guid":{"rendered":"http:\/\/fba_nove.orienteering.sk\/?page_id=62"},"modified":"2015-05-20T23:20:13","modified_gmt":"2015-05-20T21:20:13","slug":"personalne-zabezpecenie","status":"publish","type":"page","link":"http:\/\/fba.orienteering.sk\/?page_id=62","title":{"rendered":"Person\u00e1lne zabezpe\u010denie"},"content":{"rendered":"<p>T\u00e1bor organizuje TJ Sl\u00e1via Farmaceut Bratislava v spolupr\u00e1ci s \u0160K Sandberg.<\/p>\n<p>Hlavn\u00ed tr\u00e9neri: man\u017eelia Bukov\u00e1covci a man\u017eelia Baloghovci<\/p>\n\n\t\t<style type=\"text\/css\">\n\t\t\t#gallery-1 {\n\t\t\t\tmargin: auto;\n\t\t\t}\n\t\t\t#gallery-1 .gallery-item {\n\t\t\t\tfloat: left;\n\t\t\t\tmargin-top: 10px;\n\t\t\t\ttext-align: center;\n\t\t\t\twidth: 25%;\n\t\t\t}\n\t\t\t#gallery-1 img {\n\t\t\t\tborder: 2px solid #cfcfcf;\n\t\t\t}\n\t\t\t#gallery-1 .gallery-caption {\n\t\t\t\tmargin-left: 0;\n\t\t\t}\n\t\t\t\/* see gallery_shortcode() in wp-includes\/media.php *\/\n\t\t<\/style>\n\t\t<div id='gallery-1' class='gallery galleryid-62 gallery-columns-4 gallery-size-thumbnail'><dl class='gallery-item'>\n\t\t\t<dt class='gallery-icon landscape'>\n\t\t\t\t<a href='http:\/\/fba.orienteering.sk\/?attachment_id=400'><img width=\"150\" height=\"150\" src=\"http:\/\/fba.orienteering.sk\/wp-content\/uploads\/2015\/04\/Maro\u0161-1-e1431029794976-150x150.jpg\" class=\"attachment-thumbnail size-thumbnail\" alt=\"\" loading=\"lazy\" aria-describedby=\"gallery-1-400\" \/><\/a>\n\t\t\t<\/dt>\n\t\t\t\t<dd class='wp-caption-text gallery-caption' id='gallery-1-400'>\n\t\t\t\tMaro\u0161 Bukov\u00e1c\n\t\t\t\t<\/dd><\/dl><dl class='gallery-item'>\n\t\t\t<dt class='gallery-icon portrait'>\n\t\t\t\t<a href='http:\/\/fba.orienteering.sk\/?attachment_id=409'><img width=\"150\" height=\"150\" src=\"http:\/\/fba.orienteering.sk\/wp-content\/uploads\/2015\/04\/IMG_0199-150x150.jpg\" class=\"attachment-thumbnail size-thumbnail\" alt=\"\" loading=\"lazy\" aria-describedby=\"gallery-1-409\" srcset=\"http:\/\/fba.orienteering.sk\/wp-content\/uploads\/2015\/04\/IMG_0199-150x150.jpg 150w, http:\/\/fba.orienteering.sk\/wp-content\/uploads\/2015\/04\/IMG_0199-300x300.jpg 300w, http:\/\/fba.orienteering.sk\/wp-content\/uploads\/2015\/04\/IMG_0199-220x220.jpg 220w\" sizes=\"(max-width: 150px) 100vw, 150px\" \/><\/a>\n\t\t\t<\/dt>\n\t\t\t\t<dd class='wp-caption-text gallery-caption' id='gallery-1-409'>\n\t\t\t\tAlena Bukov\u00e1cov\u00e1\n\t\t\t\t<\/dd><\/dl><dl class='gallery-item'>\n\t\t\t<dt class='gallery-icon landscape'>\n\t\t\t\t<a href='http:\/\/fba.orienteering.sk\/?attachment_id=375'><img width=\"150\" height=\"150\" src=\"http:\/\/fba.orienteering.sk\/wp-content\/uploads\/2015\/04\/Ri\u0161o-150x150.jpg\" class=\"attachment-thumbnail size-thumbnail\" alt=\"\" loading=\"lazy\" aria-describedby=\"gallery-1-375\" srcset=\"http:\/\/fba.orienteering.sk\/wp-content\/uploads\/2015\/04\/Ri\u0161o-150x150.jpg 150w, http:\/\/fba.orienteering.sk\/wp-content\/uploads\/2015\/04\/Ri\u0161o-300x300.jpg 300w, http:\/\/fba.orienteering.sk\/wp-content\/uploads\/2015\/04\/Ri\u0161o-220x220.jpg 220w\" sizes=\"(max-width: 150px) 100vw, 150px\" \/><\/a>\n\t\t\t<\/dt>\n\t\t\t\t<dd class='wp-caption-text gallery-caption' id='gallery-1-375'>\n\t\t\t\tRichard Balogh\n\t\t\t\t<\/dd><\/dl><dl class='gallery-item'>\n\t\t\t<dt class='gallery-icon landscape'>\n\t\t\t\t<a href='http:\/\/fba.orienteering.sk\/?attachment_id=374'><img width=\"148\" height=\"150\" src=\"http:\/\/fba.orienteering.sk\/wp-content\/uploads\/2015\/04\/Hanka-B-e1431541602710-148x150.jpg\" class=\"attachment-thumbnail size-thumbnail\" alt=\"\" loading=\"lazy\" aria-describedby=\"gallery-1-374\" \/><\/a>\n\t\t\t<\/dt>\n\t\t\t\t<dd class='wp-caption-text gallery-caption' id='gallery-1-374'>\n\t\t\t\tHanka Baloghov\u00e1\n\t\t\t\t<\/dd><\/dl><br style=\"clear: both\" \/>\n\t\t<\/div>\n\n<p>Kartografi:\u00a0Peter Glon\u010d\u00e1k, Maro\u0161 Bukov\u00e1c, Martin Jon\u00e1\u0161<\/p>\n<p>Rozcvi\u010dky, stre\u010ding, joga, be\u017eeck\u00e1 abeceda: Alena Bukov\u00e1cov\u00e1<\/p>\n<p>Aerobic: Hanka Baloghov\u00e1<\/p>\n<p>Roznos ks: Peter a \u0160imon Mi\u017e\u00farovci, Miro Lago<\/p>\n<p>Doplnkov\u00fd program: Martina Br\u0148\u00e1kov\u00e1<\/p>\n<p>Lek\u00e1rsky doh\u013ead: MUDr. Monika Urbanov\u00e1<\/p>\n","protected":false},"excerpt":{"rendered":"<p>T\u00e1bor organizuje TJ Sl\u00e1via Farmaceut Bratislava v spolupr\u00e1ci s \u0160K Sandberg. Hlavn\u00ed tr\u00e9neri: man\u017eelia Bukov\u00e1covci a man\u017eelia Baloghovci Kartografi:\u00a0Peter Glon\u010d\u00e1k, Maro\u0161 Bukov\u00e1c, Martin Jon\u00e1\u0161 Rozcvi\u010dky, stre\u010ding, joga, be\u017eeck\u00e1 abeceda: Alena Bukov\u00e1cov\u00e1 Aerobic: Hanka Baloghov\u00e1 Roznos ks:<a class=\"moretag\" href=\"http:\/\/fba.orienteering.sk\/?page_id=62\">Read More&#8230;<\/a><\/p>\n","protected":false},"author":2,"featured_media":0,"parent":31,"menu_order":0,"comment_status":"open","ping_status":"open","template":"","meta":[],"_links":{"self":[{"href":"http:\/\/fba.orienteering.sk\/index.php?rest_route=\/wp\/v2\/pages\/62"}],"collection":[{"href":"http:\/\/fba.orienteering.sk\/index.php?rest_route=\/wp\/v2\/pages"}],"about":[{"href":"http:\/\/fba.orienteering.sk\/index.php?rest_route=\/wp\/v2\/types\/page"}],"author":[{"embeddable":true,"href":"http:\/\/fba.orienteering.sk\/index.php?rest_route=\/wp\/v2\/users\/2"}],"replies":[{"embeddable":true,"href":"http:\/\/fba.orienteering.sk\/index.php?rest_route=%2Fwp%2Fv2%2Fcomments&post=62"}],"version-history":[{"count":14,"href":"http:\/\/fba.orienteering.sk\/index.php?rest_route=\/wp\/v2\/pages\/62\/revisions"}],"predecessor-version":[{"id":631,"href":"http:\/\/fba.orienteering.sk\/index.php?rest_route=\/wp\/v2\/pages\/62\/revisions\/631"}],"up":[{"embeddable":true,"href":"http:\/\/fba.orienteering.sk\/index.php?rest_route=\/wp\/v2\/pages\/31"}],"wp:attachment":[{"href":"http:\/\/fba.orienteering.sk\/index.php?rest_route=%2Fwp%2Fv2%2Fmedia&parent=62"}],"curies":[{"name":"wp","href":"https:\/\/api.w.org\/{rel}","templated":true}]}}