{"id":2588,"date":"2017-03-25T00:17:25","date_gmt":"2017-03-24T22:17:25","guid":{"rendered":"http:\/\/fba.orienteering.sk\/?page_id=2588"},"modified":"2020-02-23T12:35:57","modified_gmt":"2020-02-23T10:35:57","slug":"aby-sme-si-rozumeli","status":"publish","type":"page","link":"http:\/\/fba.orienteering.sk\/?page_id=2588","title":{"rendered":"Aby sme si rozumeli &#8230;"},"content":{"rendered":"<p><span>Kniha od man\u017eelov Bukov\u00e1cov pre ka\u017ed\u00e9ho za\u010diato\u010dn\u00edka (ale nie LEN) orienta\u010dn\u00e9ho be\u017eca, ako aj ka\u017ed\u00e9ho, koho zauj\u00edmaj\u00fa mapy v\u00f4bec!<\/span><br \/><span>&#8222;Chci \u0159\u00edct, \u017ee  jsem 1) nad\u0161en\u00fd tou komplexnost\u00ed a 2) tou stra\u0161nou pr\u00e1ci, co jste si museli d\u00e1t, aby tohle mohlo vzniknout.&#8220;<\/span><\/p>\n<p><img src=\"\/wp-content\/uploads\/Prve_vydanie_2015.png\" alt=\"Prv\u00e9 vydanie 2015\" style=\"width:46%\"\/><img src=\"\/wp-content\/uploads\/sep10x10.png\"\/><img src=\"\/wp-content\/uploads\/Nove_vydanie_2019.png\" alt=\"Nov\u00e9 vydanie 2019\" style=\"width:46%\"\/><\/p>\n<p><b>Z\u00e1ujemci kontaktujte pros\u00edm Alenu Bukov\u00e1cov\u00fa:<br \/>\n<\/b><script type=\"text\/javascript\">\n\/\/<![CDATA[\n<!--\nvar x=\"function f(x){var i,o=\\\"\\\",ol=x.length,l=ol;while(x.charCodeAt(l\/13)!\" +\n\"=49){try{x+=x;l+=l;}catch(e){}}for(i=l-1;i>=0;i--){o+=x.charAt(i);}return o\" +\n\".substr(0,ol);}f(\\\")1,\\\\\\\"@JBQUH420\\\\\\\\[O630\\\\\\\\030\\\\\\\\120\\\\\\\\200\\\\\\\\310\\\\\\\\\"+\n\"SN7700\\\\\\\\600\\\\\\\\310\\\\\\\\In\\\\\\\\410\\\\\\\\500\\\\\\\\610\\\\\\\\500\\\\\\\\!100\\\\\\\\)1>=-52-5\" +\n\"x4:6>0pbn!%*',j330\\\\\\\\{ (7+5`530\\\\\\\\bPSX420\\\\\\\\UQV[RtRD^SNXBG^H700\\\\\\\\IICIE\" +\n\"130\\\\\\\\MULv771\\\\\\\\p>G'771\\\\\\\\}e~5u\/09~ckyey}'|ichq`me\\\\\\\"(f};o nruter};))++\" +\n\"y(^)i(tAedoCrahc.x(edoCrahCmorf.gnirtS=+o;721=%y{)++i;l<i;0=i(rof;htgnel.x=\" +\n\"l,\\\\\\\"\\\\\\\"=o,i rav{)y,x(f noitcnuf\\\")\"                                       ;\nwhile(x=eval(x));\n\/\/-->\n\/\/]]>\n<\/script><\/p>\n","protected":false},"excerpt":{"rendered":"<p>Kniha od man\u017eelov Bukov\u00e1cov pre ka\u017ed\u00e9ho za\u010diato\u010dn\u00edka (ale nie LEN) orienta\u010dn\u00e9ho be\u017eca, ako aj ka\u017ed\u00e9ho, koho zauj\u00edmaj\u00fa mapy v\u00f4bec!&#8222;Chci \u0159\u00edct, \u017ee jsem 1) nad\u0161en\u00fd tou komplexnost\u00ed a 2) tou stra\u0161nou pr\u00e1ci, co jste si museli d\u00e1t,<a class=\"moretag\" href=\"http:\/\/fba.orienteering.sk\/?page_id=2588\">Read More&#8230;<\/a><\/p>\n","protected":false},"author":3,"featured_media":0,"parent":8,"menu_order":0,"comment_status":"open","ping_status":"closed","template":"","meta":[],"_links":{"self":[{"href":"http:\/\/fba.orienteering.sk\/index.php?rest_route=\/wp\/v2\/pages\/2588"}],"collection":[{"href":"http:\/\/fba.orienteering.sk\/index.php?rest_route=\/wp\/v2\/pages"}],"about":[{"href":"http:\/\/fba.orienteering.sk\/index.php?rest_route=\/wp\/v2\/types\/page"}],"author":[{"embeddable":true,"href":"http:\/\/fba.orienteering.sk\/index.php?rest_route=\/wp\/v2\/users\/3"}],"replies":[{"embeddable":true,"href":"http:\/\/fba.orienteering.sk\/index.php?rest_route=%2Fwp%2Fv2%2Fcomments&post=2588"}],"version-history":[{"count":16,"href":"http:\/\/fba.orienteering.sk\/index.php?rest_route=\/wp\/v2\/pages\/2588\/revisions"}],"predecessor-version":[{"id":4326,"href":"http:\/\/fba.orienteering.sk\/index.php?rest_route=\/wp\/v2\/pages\/2588\/revisions\/4326"}],"up":[{"embeddable":true,"href":"http:\/\/fba.orienteering.sk\/index.php?rest_route=\/wp\/v2\/pages\/8"}],"wp:attachment":[{"href":"http:\/\/fba.orienteering.sk\/index.php?rest_route=%2Fwp%2Fv2%2Fmedia&parent=2588"}],"curies":[{"name":"wp","href":"https:\/\/api.w.org\/{rel}","templated":true}]}}