{"id":2244,"date":"2016-12-17T23:49:22","date_gmt":"2016-12-17T21:49:22","guid":{"rendered":"http:\/\/fba.orienteering.sk\/?page_id=2244"},"modified":"2017-05-19T17:56:32","modified_gmt":"2017-05-19T15:56:32","slug":"co-je-o-camp-2017","status":"publish","type":"page","link":"http:\/\/fba.orienteering.sk\/?page_id=2244","title":{"rendered":"\u010co je O-camp 2017+prihl\u00e1\u0161ka"},"content":{"rendered":"<p>Aj\u00a0v roku 2017 sa na v\u00e1s te\u0161\u00edme v O-camp-e.<\/p>\n<p>O-camp\u00a0bude\u00a0letn\u00fd t\u00e1bor orienta\u010dn\u00e9ho behu, ktor\u00e9ho sa m\u00f4\u017eu z\u00fa\u010dastni\u0165 samostatn\u00e9\u00a0deti, die\u0165a s rodi\u010dom (rodi\u010dmi) alebo cel\u00e9 rodinky. Prioritne je ur\u010den\u00fd pre deti vo veku 8-16 rokov, ak v\u0161ak m\u00e1te v rodine men\u0161ie die\u0165a samozrejme ho m\u00f4\u017eete vzia\u0165 so sebou. Pre\u00a0star\u0161\u00edch \u017eiakov a\u00a0dorastencov je pripraven\u00fd motiva\u010dn\u00fd program, aby sa na tr\u00e9ningoch poriadne sna\u017eili&#8230;<\/p>\n<p>T\u00e1bor nie je ur\u010den\u00fd pre absol\u00fatnych za\u010diato\u010dn\u00edkov, je potrebn\u00e9, aby\u00a0deti mali za sebou aspo\u0148 1\/2 ro\u010dn\u00fa pr\u00edpravu, vy\u017eadujeme ur\u010dit\u00e9 orienta\u010dn\u00e9 sk\u00fasenosti.<br \/>\nTr\u00e9ningy s\u00fa pripraven\u00e9 pre vekov\u00e9 kateg\u00f3rie tak ako v OB, pre rodi\u010dov bud\u00fa trate pod\u013ea z\u00e1ujmu. Deti bud\u00fa za\u010dlenen\u00e9 do skup\u00edn-ka\u017ed\u00fa skupinu bude ma\u0165 na starosti jeden-dvaja dospel\u00ed tr\u00e9neri, ktor\u00ed sa bud\u00fa prednostne venova\u0165 svojej skupine na tr\u00e9ningoch i mimo nich &#8211; s de\u0165mi po tr\u00e9ningoch rozoberaj\u00fa postupy, venuj\u00fa sa im individu\u00e1lne.<\/p>\n<p>term\u00edn O-campu: 8-15.7.2017<br \/>\nmiesto: <a href=\"http:\/\/www.camp-rasna.cz\/cz\/\" target=\"_blank\">Kemp \u0158\u00e1sn\u00e1<\/a><br \/>\ncena: <span style=\"color: #0000ff;\">135 \u20ac\/die\u0165a\u00a0do 15 rokov a 145 \u20ac\/\u00a0die\u0165a-dospel\u00fd nad 15 rokov<\/span>. Na mieste nezbierame \u017eiadne poplatky.<\/p>\n<p>Cena zah\u0155\u0148a ubytovanie, stravu vr\u00e1tane opeka\u010dky, pitn\u00fd re\u017eim, n\u00e1klady na mapov\u00e9 tr\u00e9ningy.<\/p>\n<p>Pros\u00edm re\u0161pektujte, \u017ee t\u00e1bor je ur\u010den\u00fd pre deti, behaj\u00facich a za\u010d\u00ednaj\u00facich rodi\u010dov. Nie je ur\u010den\u00fd pre zvieratk\u00e1 &#8211; tie pros\u00edm nechajte doma.<\/p>\n<p>V cene nie je zahrnut\u00e1 doprava, a ke\u010f\u017ee ide o \u0161portov\u00e9 s\u00fastredenie v zahrani\u010d\u00ed, ani \u017eiadne poistenie. V pr\u00edpade z\u00e1ujmu o poistenie pros\u00edme o individu\u00e1lne rie\u0161enie.<\/p>\n<p>Vreckov\u00e9 pre deti: Deti maj\u00fa zabezpe\u010den\u00fa dostato\u010dn\u00fa stravu aj pitn\u00fd re\u017eim. V are\u00e1li je bufet. Pri v\u00fdlete do mesta Tel\u010d bud\u00fa ma\u0165 deti mo\u017enos\u0165 k\u00fapi\u0165 si nejak\u00fa drobnos\u0165. Ned\u00e1vajte de\u0165om zbyto\u010dne ve\u013ek\u00fa hotovos\u0165.<\/p>\n<p><span style=\"color: #0000ff;\">term\u00edn prihl\u00e1\u0161ok: 30.5.2017<\/span><br \/>\n<span style=\"color: #0000ff;\"> term\u00edn zaplatenia: 30.5.2017<\/span><br \/>\n\u010d\u00edslo \u00fa\u010dtu na zaslanie poplatkov:\u00a0IBAN: SK8883300000002601146047<br \/>\nDo pozn\u00e1mky pre prij\u00edmate\u013ea pros\u00edme uvies\u0165 men\u00e1 v\u0161etk\u00fdch, za ktor\u00fdch posielate poplatky.<\/p>\n<p>Term\u00edn t\u00e1bora je nutn\u00e9 zmluvne dohodn\u00fa\u0165 ve\u013emi dlh\u00fa dobu dopredu a je n\u00e1m \u013e\u00fato, \u017ee sa prekr\u00fdva s in\u00fdmi pon\u00fakan\u00fdmi OB aktivitami, je len na V\u00e1s, ak\u00fd program si na pr\u00e1zdniny zvol\u00edte.<br \/>\nVopred upozor\u0148ujeme, \u017ee aj pokia\u013e sa nechcete z\u00fa\u010dastni\u0165 cel\u00e9ho pobytu, je nutn\u00e9 zaplati\u0165 cel\u00fa sumu osoba\/pobyt. \u017diadne v\u00fdnimky nebud\u00fa tolerovan\u00e9. Je mo\u017en\u00e9 napr. prestriedanie rodi\u010dov bez n\u00e1roku na zv\u00fd\u0161en\u00fd po\u010det jed\u00e1l v \u010dase v\u00fdmeny. (napr. mama bude s de\u0165mi od soboty 8.7 do utorka 11.7 ve\u010der. Ve\u010der pr\u00edde otec a rodi\u010dia sa prestriedaj\u00fa-aj ke\u010f v \u010dase ve\u010dere bud\u00fa pr\u00edtomn\u00ed obaja, bude\u00a0im vydan\u00e1 iba jedna ve\u010dera.)<\/p>\n<p>V\u0161etky podrobnej\u0161ie inform\u00e1cie bud\u00fa postupne uverej\u0148ovan\u00e9 postupne v pokynoch.<\/p>\n<p>V pr\u00edpade z\u00e1ujmu sa pros\u00edm prihl\u00e1ste prostredn\u00edctvom prihl\u00e1\u0161kov\u00e9ho syst\u00e9mu. Do pozn\u00e1mky uve\u010fte pros\u00edm pr\u00edpadn\u00e9 potravinov\u00e9 alergie-resp. v\u00fdnimky, kt. chcete uplatni\u0165 v strave.<\/p>\n<p>Pros\u00edm vypl\u0148te spr\u00e1vne <span style=\"color: #ff0000;\">v\u0161etky \u00fadaje ku ka\u017ed\u00e9mu \u010dlenovi<\/span>, u\u0161etr\u00edte n\u00e1m t\u00fdm\u00a0ve\u013ea pr\u00e1ce.<\/p>\n<p><strong>Prihlasovanie u\u017e nie je mo\u017ene, kapacita je naplnen\u00e1.<\/strong><br \/>\n<a href=\"\/user\/attendees-for-camp?campid=2\">Zoznam prihl\u00e1sen\u00fdch<\/a><\/p>\n","protected":false},"excerpt":{"rendered":"<p>Aj\u00a0v roku 2017 sa na v\u00e1s te\u0161\u00edme v O-camp-e. O-camp\u00a0bude\u00a0letn\u00fd t\u00e1bor orienta\u010dn\u00e9ho behu, ktor\u00e9ho sa m\u00f4\u017eu z\u00fa\u010dastni\u0165 samostatn\u00e9\u00a0deti, die\u0165a s rodi\u010dom (rodi\u010dmi) alebo cel\u00e9 rodinky. Prioritne je ur\u010den\u00fd pre deti vo veku 8-16 rokov, ak v\u0161ak<a class=\"moretag\" href=\"http:\/\/fba.orienteering.sk\/?page_id=2244\">Read More&#8230;<\/a><\/p>\n","protected":false},"author":3,"featured_media":0,"parent":2242,"menu_order":0,"comment_status":"open","ping_status":"open","template":"","meta":[],"_links":{"self":[{"href":"http:\/\/fba.orienteering.sk\/index.php?rest_route=\/wp\/v2\/pages\/2244"}],"collection":[{"href":"http:\/\/fba.orienteering.sk\/index.php?rest_route=\/wp\/v2\/pages"}],"about":[{"href":"http:\/\/fba.orienteering.sk\/index.php?rest_route=\/wp\/v2\/types\/page"}],"author":[{"embeddable":true,"href":"http:\/\/fba.orienteering.sk\/index.php?rest_route=\/wp\/v2\/users\/3"}],"replies":[{"embeddable":true,"href":"http:\/\/fba.orienteering.sk\/index.php?rest_route=%2Fwp%2Fv2%2Fcomments&post=2244"}],"version-history":[{"count":23,"href":"http:\/\/fba.orienteering.sk\/index.php?rest_route=\/wp\/v2\/pages\/2244\/revisions"}],"predecessor-version":[{"id":2748,"href":"http:\/\/fba.orienteering.sk\/index.php?rest_route=\/wp\/v2\/pages\/2244\/revisions\/2748"}],"up":[{"embeddable":true,"href":"http:\/\/fba.orienteering.sk\/index.php?rest_route=\/wp\/v2\/pages\/2242"}],"wp:attachment":[{"href":"http:\/\/fba.orienteering.sk\/index.php?rest_route=%2Fwp%2Fv2%2Fmedia&parent=2244"}],"curies":[{"name":"wp","href":"https:\/\/api.w.org\/{rel}","templated":true}]}}

Čo je O-camp 2017+prihláška

<p>Aj v roku 2017 sa na vás tešíme v O-camp-e.</p>
<p>O-camp bude letný tábor orientačného behu, ktorého sa môžu zúčastniť samostatné deti, dieťa s rodičom (rodičmi) alebo celé rodinky. Prioritne je určený pre deti vo veku 8-16 rokov, ak však máte v rodine menšie dieťa samozrejme ho môžete vziať so sebou. Pre starších žiakov a dorastencov je pripravený motivačný program, aby sa na tréningoch poriadne snažili&#8230;</p>
<p>Tábor nie je určený pre absolútnych začiatočníkov, je potrebné, aby deti mali za sebou aspoň 1/2 ročnú prípravu, vyžadujeme určité orientačné skúsenosti.<br />
Tréningy sú pripravené pre vekové kategórie tak ako v OB, pre rodičov budú trate podľa záujmu. Deti budú začlenené do skupín-každú skupinu bude mať na starosti jeden-dvaja dospelí tréneri, ktorí sa budú prednostne venovať svojej skupine na tréningoch i mimo nich &#8211; s deťmi po tréningoch rozoberajú postupy, venujú sa im individuálne.</p>
<p>termín O-campu: 8-15.7.2017<br />
miesto: <a href="http://www.camp-rasna.cz/cz/" target="_blank">Kemp Řásná</a><br />
cena: <span style="color: #0000ff;">135 €/dieťa do 15 rokov a 145 €/ dieťa-dospelý nad 15 rokov</span>. Na mieste nezbierame žiadne poplatky.</p>
<p>Cena zahŕňa ubytovanie, stravu vrátane opekačky, pitný režim, náklady na mapové tréningy.</p>
<p>Prosím rešpektujte, že tábor je určený pre deti, behajúcich a začínajúcich rodičov. Nie je určený pre zvieratká &#8211; tie prosím nechajte doma.</p>
<p>V cene nie je zahrnutá doprava, a keďže ide o športové sústredenie v zahraničí, ani žiadne poistenie. V prípade záujmu o poistenie prosíme o individuálne riešenie.</p>
<p>Vreckové pre deti: Deti majú zabezpečenú dostatočnú stravu aj pitný režim. V areáli je bufet. Pri výlete do mesta Telč budú mať deti možnosť kúpiť si nejakú drobnosť. Nedávajte deťom zbytočne veľkú hotovosť.</p>
<p><span style="color: #0000ff;">termín prihlášok: 30.5.2017</span><br />
<span style="color: #0000ff;"> termín zaplatenia: 30.5.2017</span><br />
číslo účtu na zaslanie poplatkov: IBAN: SK8883300000002601146047<br />
Do poznámky pre prijímateľa prosíme uviesť mená všetkých, za ktorých posielate poplatky.</p>
<p>Termín tábora je nutné zmluvne dohodnúť veľmi dlhú dobu dopredu a je nám ľúto, že sa prekrýva s inými ponúkanými OB aktivitami, je len na Vás, aký program si na prázdniny zvolíte.<br />
Vopred upozorňujeme, že aj pokiaľ sa nechcete zúčastniť celého pobytu, je nutné zaplatiť celú sumu osoba/pobyt. Žiadne výnimky nebudú tolerované. Je možné napr. prestriedanie rodičov bez nároku na zvýšený počet jedál v čase výmeny. (napr. mama bude s deťmi od soboty 8.7 do utorka 11.7 večer. Večer príde otec a rodičia sa prestriedajú-aj keď v čase večere budú prítomní obaja, bude im vydaná iba jedna večera.)</p>
<p>Všetky podrobnejšie informácie budú postupne uverejňované postupne v pokynoch.</p>
<p>V prípade záujmu sa prosím prihláste prostredníctvom prihláškového systému. Do poznámky uveďte prosím prípadné potravinové alergie-resp. výnimky, kt. chcete uplatniť v strave.</p>
<p>Prosím vyplňte správne <span style="color: #ff0000;">všetky údaje ku každému členovi</span>, ušetríte nám tým veľa práce.</p>
<p><strong>Prihlasovanie už nie je možne, kapacita je naplnená.</strong><br />
<a href="/user/attendees-for-camp?campid=2">Zoznam prihlásených</a></p>

<p>Aj v roku 2017 sa na vás tešíme v O-camp-e. O-camp bude letný tábor orientačného behu, ktorého sa môžu zúčastniť samostatné deti, dieťa s rodičom (rodičmi) alebo celé rodinky. Prioritne je určený pre deti vo veku 8-16 rokov, ak však<a class="moretag" href="http://fba.orienteering.sk/?page_id=2244">Read More&#8230;</a></p>
