{"id":1811,"date":"2016-05-26T09:11:47","date_gmt":"2016-05-26T07:11:47","guid":{"rendered":"http:\/\/fba.orienteering.sk\/?page_id=1811"},"modified":"2021-02-18T11:31:23","modified_gmt":"2021-02-18T09:31:23","slug":"1811-2","status":"publish","type":"page","link":"http:\/\/fba.orienteering.sk\/?page_id=1811","title":{"rendered":"Je dobr\u00e9 vedie\u0165"},"content":{"rendered":"<p>Nechceme kop\u00edrova\u0165 u\u017e nap\u00edsan\u00e9, z\u00e1kladn\u00e9 a dopl\u0148uj\u00face info o orienta\u010dnom behu z\u00edskate na str\u00e1nke SZO\u0160 (Slovensk\u00e9ho zv\u00e4zu orienta\u010dn\u00fdch \u0161portov):<\/p>\n<p><a href=\"http:\/\/fba.orienteering.sk\/wp-content\/uploads\/2021\/02\/Pravidl\u00e1-orienta\u010dn\u00e9ho-behu-aktualiz\u00e1cia-04-2019.pdf\">Pravidl\u00e1 orienta\u010dn\u00e9ho behu (aktualiz\u00e1cia 04-2019)<\/a><br \/>\n<a href=\"http:\/\/fba.orienteering.sk\/wp-content\/uploads\/2021\/02\/S\u00fa\u0165a\u017en\u00fd-poriadok-OB-aktualiz\u00e1cia-04-2019.pdf\">S\u00fa\u0165a\u017en\u00fd poriadok OB (aktualiz\u00e1cia 04-2019)<\/a><br \/>\n<a href=\"http:\/\/fba.orienteering.sk\/wp-content\/uploads\/2021\/02\/V\u00fdkon\u00e1vacie-predpisy-na-rok-2020.pdf\">V\u00fdkon\u00e1vacie predpisy na rok 2020<\/a><\/p>\n<p><a href=\"http:\/\/www.orienteering.sk\/page\/zapadna-oblast\" target=\"_blank\">Z\u00e1padn\u00e1 oblas\u0165<\/a><\/p>\n","protected":false},"excerpt":{"rendered":"<p>Nechceme kop\u00edrova\u0165 u\u017e nap\u00edsan\u00e9, z\u00e1kladn\u00e9 a dopl\u0148uj\u00face info o orienta\u010dnom behu z\u00edskate na str\u00e1nke SZO\u0160 (Slovensk\u00e9ho zv\u00e4zu orienta\u010dn\u00fdch \u0161portov): Pravidl\u00e1 orienta\u010dn\u00e9ho behu (aktualiz\u00e1cia 04-2019) S\u00fa\u0165a\u017en\u00fd poriadok OB (aktualiz\u00e1cia 04-2019) V\u00fdkon\u00e1vacie predpisy na rok 2020 Z\u00e1padn\u00e1 oblas\u0165<\/p>\n","protected":false},"author":2,"featured_media":0,"parent":8,"menu_order":0,"comment_status":"open","ping_status":"open","template":"","meta":[],"_links":{"self":[{"href":"http:\/\/fba.orienteering.sk\/index.php?rest_route=\/wp\/v2\/pages\/1811"}],"collection":[{"href":"http:\/\/fba.orienteering.sk\/index.php?rest_route=\/wp\/v2\/pages"}],"about":[{"href":"http:\/\/fba.orienteering.sk\/index.php?rest_route=\/wp\/v2\/types\/page"}],"author":[{"embeddable":true,"href":"http:\/\/fba.orienteering.sk\/index.php?rest_route=\/wp\/v2\/users\/2"}],"replies":[{"embeddable":true,"href":"http:\/\/fba.orienteering.sk\/index.php?rest_route=%2Fwp%2Fv2%2Fcomments&post=1811"}],"version-history":[{"count":29,"href":"http:\/\/fba.orienteering.sk\/index.php?rest_route=\/wp\/v2\/pages\/1811\/revisions"}],"predecessor-version":[{"id":4449,"href":"http:\/\/fba.orienteering.sk\/index.php?rest_route=\/wp\/v2\/pages\/1811\/revisions\/4449"}],"up":[{"embeddable":true,"href":"http:\/\/fba.orienteering.sk\/index.php?rest_route=\/wp\/v2\/pages\/8"}],"wp:attachment":[{"href":"http:\/\/fba.orienteering.sk\/index.php?rest_route=%2Fwp%2Fv2%2Fmedia&parent=1811"}],"curies":[{"name":"wp","href":"https:\/\/api.w.org\/{rel}","templated":true}]}}